common factor of 12 and a?
12
Suppose 5*t = 8*t - 372. Let g = 126 - t. Let h be 5*g*(-408)/(-60). Calculate the greatest common divisor of 34 and h.
34
Suppose 0 = -2*h - h + 129. Suppose 0 = -h*n + 39*n + 1120. What is the highest common factor of n and 30?
10
Suppose -140*f + 1800 = -122*f. Calculate the greatest common divisor of f and 1725.
25
Let i = -19790 - -19908. Calculate the highest common factor of 25134 and i.
118
Let i = -25 - -52. Let d = -415521 + 415560. Calculate the highest common divisor of d and i.
3
Suppose 11*s = q + 7*s - 33, -s = 4*q - 47. Suppose -q*d - 81 = -22*d. What is the greatest common divisor of d and 261?
9
Suppose -2*w + 453*n - 458*n = -111, -2*w + 4*n = -138. What is the greatest common divisor of w and 798?
21
Let j = 317 + -152. Let h = 374 + -291. Suppose n - h = -5*i - 3*n, 0 = 2*i + 3*n - 36. Calculate the greatest common divisor of j and i.
15
Let k(j) be the third derivative of j**6/60 - j**5/15 + 17*j**4/24 + j**3/3 - 3*j**2 - 19. Let q be k(7). What is the greatest common factor of 47 and q?
47
Suppose -5*u + 47 = 2. Let j = 258 + -251. Suppose -5*d = -7*v + 3*v - j, -2*v = -4. What is the highest common divisor of u and d?
3
Suppose 4*f + 208 = 696. Suppose 89 = 11*s + 31*s + 5. What is the greatest common factor of f and s?
2
Let b(y) = -20*y + 122. Let g be b(-5). Let h = g - 202. What is the highest common factor of 30 and h?
10
Suppose -3*w = 4*f - 59 - 9, 102 = 10*f - w. What is the greatest common factor of 1793 and f?
11
Let x = 197 - 175. Let t(n) = 37*n - 68. Let q be t(2). Calculate the highest common divisor of x and q.
2
Suppose -o + 2*o - 175 = 0. Suppose -d + o = 4*d. Let q be 332/48 - (-15)/180. Calculate the highest common divisor of q and d.
7
Suppose 3455*m - 16600 = 3451*m. Calculate the greatest common divisor of m and 50.
50
Let d be (4 + 14/(-3))/((-28)/12096). Suppose -5*j + 160 = -0*j. What is the highest common factor of d and j?
32
Let t be 77 + 8/(64/8). Suppose 9*j - 726 + t = 0. What is the greatest common divisor of 27 and j?
9
Let z be (-30)/3 - 7*(-933)/7. Calculate the highest common factor of 497 and z.
71
Suppose 6*g + 5*j = 2*g + 185, -j = -3*g + 153. Calculate the greatest common divisor of g and 5710.
10
Let c be (9 - -4) + 975/15. Calculate the greatest common factor of 3666 and c.
78
Let q(y) = -44*y - 43. Let k be q(6). Let c = -294 - k. Suppose 5*r = 3*u + 715, -2*r + 4*u = -175 - 111. What is the greatest common divisor of c and r?
13
Suppose 5*z = 2*h - 30, -z + 0*z - 75 = -5*h. Let i be (65/h - 3)/((-1)/(-51)). Suppose i*d = 70*d - 150. What is the highest common factor of d and 15?
15
Let w be -3*(0 + (-10)/3). Let t(r) = 2*r**3 + 7*r**2 + r - 1. Let f be t(-3). What is the greatest common divisor of w and f?
5
Suppose 0 = 4*o - 4*h + 18 + 18, 4*h = -2*o + 6. Let f be (-3)/o + 385/(-75)*-3. Let z be (-6)/9 - (-8)/3. Calculate the greatest common factor of z and f.
2
Let j = -11689 - -12112. Calculate the highest common divisor of j and 3525.
141
Let z be (-21 - 0) + 236 + -207. Calculate the highest common factor of 121 and z.
1
Suppose -p - v - 628 = -1925, 4*v + 6521 = 5*p. Suppose -8*f = 53 - p. Calculate the highest common factor of f and 12.
12
Let o be 121 - (-4 - (-2 + 1)). Let d = 214 - o. Suppose 0 = 2*g - 8, -i - 2*g = 3*g - d. What is the greatest common factor of i and 10?
10
Suppose -2*d = -3*d - 2*r - 163, 2*r + 6 = 0. Let k = d + 162. Calculate the highest common divisor of k and 40.
5
Let p(d) = -15*d**3 - 4*d**2 - 6*d - 1. Let u be p(-1). Let r(y) = y**2 - 10*y - 8. Let a be r(u). Calculate the greatest common factor of 8 and a.
8
Let k(r) = r + 9. Let w be k(-6). Suppose -w*o - 5*g = -28, 2*o - g = -0*o + 10. Let q be ((-140)/6)/(-7)*o. What is the greatest common factor of 60 and q?
20
Suppose 10*h + 34 = 164. Suppose 5*u - 5 - 10 = 0, -3*u + h = s. What is the greatest common divisor of 10 and s?
2
Let d be 3/(-6) - 1156/8. Let t = d + 81. Let v be t/(-5) + (-8)/(-40). Calculate the greatest common factor of v and 13.
13
Let o(q) = q**2 + q. Suppose 18 = -3*v - 9. Let d be o(v). Suppose -3*k - k = -d. Calculate the greatest common divisor of 45 and k.
9
Let s = -96 - -105. Let a = s - 8. Suppose 0 = 4*u - a - 15. Calculate the greatest common factor of 40 and u.
4
Suppose -g + 15*g = 196. Let u = 8 + -8. Suppose -4*k = -l + 96, 5*l - 4*k - 544 = -u*l. What is the highest common factor of l and g?
14
Let u(v) = -v**3 - 12*v**2 - 81*v + 1. Let s be u(-6). What is the greatest common factor of s and 1?
1
Let f(g) = -871*g - 1234. Let w be f(-2). What is the greatest common divisor of w and 8?
4
Let z(k) = 13*k + 497. Let f be z(76). What is the highest common divisor of f and 5535?
135
Let o be 652/13 + 4/(-26). Let l = 4862 + -4852. What is the highest common divisor of o and l?
10
Let f = -18 + 23. Let d be 1242/8 + 27/(-108). Calculate the greatest common divisor of f and d.
5
Suppose -b + 202 = 2*t, 3*b + 5*t - 236 = 373. Let g = -73 + b. What is the greatest common factor of g and 30?
15
Let z be (-18)/27*(33/(-6) - -1). Let s be ((-426)/(-8))/(z/108) - 3. Let g be (-2)/((-370)/s + 10/55). What is the greatest common factor of 29 and g?
29
Let n be (2 - 1) + (-5 - (-4 - 246)). Suppose 0 = -0*k + 2*k + 8, -5*k = -4*r - 676. Let o = r + n. What is the highest common divisor of o and 18?
18
Suppose 0 = -3*n - 2*m + 8424 + 2070, m = -n + 3499. What is the highest common factor of 736 and n?
184
Let a = 83 - -400. Let q = -147 + a. What is the highest common divisor of q and 42?
42
Suppose -100*j = -5916 - 5035 - 1849. What is the greatest common factor of 4736 and j?
128
Let b = -14431 + 14441. Calculate the highest common divisor of b and 2050.
10
Let r = 507 - 902. Let m = 471 + r. Calculate the greatest common divisor of 722 and m.
38
Let t(l) = -13*l + 1. Let b be t(-2). Let y(k) = -k**2 - 344*k + 240978. Let h be y(348). Calculate the greatest common divisor of h and b.
27
Let f = -129 + 131. Suppose -7*l + 53 = -4*l - 2*h, 7 = l + f*h. What is the greatest common divisor of 3 and l?
3
Let f(s) = 36*s - 6. Let t be f(6). Suppose -3 = 4*b - 5*b. Let k be (5/b)/(3*2/108). Calculate the highest common factor of t and k.
30
Let l be (-4)/(-3)*(10 + 154/56). Let d be 8708/8 + (-6)/(0 - -12). What is the greatest common divisor of d and l?
17
Let r = 8 + 14. Suppose 21*j + 44 = r*j. Let l = j + -15. Calculate the highest common divisor of l and 29.
29
Let i(p) be the second derivative of 40*p**3/3 + 117*p**2 + 66*p. Let w be i(0). What is the highest common divisor of 156 and w?
78
Suppose -5*p + 69 = -2*x - 25, -4*x = -2*p + 28. Let h be p - 0/(-5 + 0). Let z be 4/3 + 146/3. What is the highest common divisor of h and z?
10
Let v = 285 - 285. Suppose 4*l - g = 48, -5*g + 18 = -4*l + 50. Suppose v*m + 4 = -z - 2*m, -5*z + m + l = 0. What is the greatest common factor of 14 and z?
2
Let z = 0 - -5. Suppose 0 = 742*c - 33983 - 6827. What is the greatest common factor of z and c?
5
Let c = -23218 - -33350. What is the highest common factor of 272 and c?
68
Let g = 3196 - 3187. Let z(b) = 2*b**2 - 4*b + 2. Let t be z(-11). What is the greatest common factor of t and g?
9
Let w(v) be the first derivative of -4*v**2 + 46*v + 6. Let c be w(0). Calculate the highest common factor of c and 23.
23
Let o(z) be the third derivative of 5*z**2 + 1/4*z**4 - 25/3*z**3 + 0 + 0*z. Let i be o(20). What is the highest common divisor of i and 28?
14
Let z = 39422 + -30599. What is the greatest common factor of 173 and z?
173
Suppose -47*y + 48*y = 0. Suppose y = 4*v + 5*z - 480 - 122, 2*z = 2*v - 310. Calculate the greatest common divisor of v and 17.
17
Suppose -12*z = -6 + 18. Let o be 1*3 + (13 - (z + -13)). What is the highest common divisor of 12 and o?
6
Let j = 10729 + -8167. What is the greatest common divisor of j and 112?
14
Suppose 644 + 1064 = -14*a. Let y = 157 + a. Calculate the greatest common factor of 945 and y.
35
Suppose 10366 - 99676 = -26*k. Calculate the greatest common divisor of k and 30.
15
Suppose 17 = 8*f + 1. Suppose -f*w + 42 = 34. Suppose -6*a = -w*a - 10, o + 5*a - 71 = 0. What is the greatest common factor of o and 2?
2
Suppose 17 + 91 = 3*v. Let b(s) = 2*s - 34. Let t be b(21). Suppose -2*o + 4*o = t. Calculate the h